{"id":6145,"date":"2023-01-17T22:08:11","date_gmt":"2023-01-17T22:08:11","guid":{"rendered":"https:\/\/www.claraboia.coop\/?page_id=6145"},"modified":"2026-01-07T19:22:19","modified_gmt":"2026-01-07T19:22:19","slug":"cooperativa","status":"publish","type":"page","link":"https:\/\/www.claraboia.coop\/es\/cooperativa\/","title":{"rendered":"La Cooperativa"},"content":{"rendered":"<div class=\"wpb-content-wrapper\"><p>[vc_row full_width=\u00bbstretch_row\u00bb parallax=\u00bbcontent-moving-fade\u00bb parallax_image=\u00bb8245&#8243; css=\u00bb.vc_custom_1746390851441{background-position: 0 0;background-repeat: no-repeat !important;}\u00bb][vc_column][vc_empty_space height=\u00bb8vw\u00bb][vc_column_text css=\u00bb\u00bb el_class=\u00bb.text-en-blanc\u00bb]<\/p>\n<h1 style=\"text-align: center;\">La Cooperativa<\/h1>\n<p>[\/vc_column_text][vc_empty_space height=\u00bb7vw\u00bb][\/vc_column][\/vc_row][vc_row full_width=\u00bbstretch_row_content\u00bb css=\u00bb.vc_custom_1760460554994{margin-top: 1px !important;margin-bottom: 0px !important;border-bottom-width: 0px !important;padding-bottom: 0px !important;}\u00bb][vc_column el_class=\u00bbtextnegre\u00bb][vc_row_inner container_type=\u00bbfluid\u00bb css=\u00bb.vc_custom_1760460532052{margin-bottom: 0px !important;}\u00bb][vc_column_inner width=\u00bb1\/12&#8243;][\/vc_column_inner][vc_column_inner width=\u00bb5\/12&#8243;][vc_column_text css=\u00bb\u00bb]<\/p>\n<h2>Desde 2010, somos la cooperativa del v\u00eddeo<\/h2>\n<p>[\/vc_column_text][\/vc_column_inner][vc_column_inner width=\u00bb5\/12&#8243;][vc_column_text css=\u00bb\u00bb]Claraboia Audiovisual SCCL, somos una cooperativa de trabajo asociado nacida en 2010 en el Maresme con el objetivo de generar empleo digno en el sector audiovisual. Nos dedicamos a la producci\u00f3n y realizaci\u00f3n de soluciones comunicativas a trav\u00e9s del lenguaje audiovisual, con la convicci\u00f3n de que el v\u00eddeo es una herramienta poderosa para transmitir valores de forma clara, directa y cercana.[\/vc_column_text][\/vc_column_inner][vc_column_inner width=\u00bb1\/12&#8243;][\/vc_column_inner][\/vc_row_inner][vc_btn title=\u00bbDescubre nuestros servicios\u00bb style=\u00bb3d\u00bb shape=\u00bbround\u00bb color=\u00bbsuccess\u00bb size=\u00bblg\u00bb align=\u00bbcenter\u00bb i_icon_fontawesome=\u00bbfa fa-regular fa-eye\u00bb css=\u00bb\u00bb add_icon=\u00bbtrue\u00bb link=\u00bburl:https%3A%2F%2Fwww.claraboia.coop%2Fes%2Fproductora%2F|title:Producci%C3%B3n%20Audiovisual\u00bb][\/vc_column][\/vc_row][vc_row full_width=\u00bbstretch_row\u00bb css=\u00bb.vc_custom_1746393812953{margin-top: 2rem !important;margin-bottom: 0px !important;background-color: #FFFFFF75 !important;}\u00bb el_class=\u00bbdestacat-en-blanc\u00bb][vc_column el_class=\u00bbtextnegre\u00bb][vc_column_text css=\u00bb\u00bb]\u2014 \u00bfY por qu\u00e9 el nombre de <strong><em>Claraboia (Claraboya)<\/em><\/strong>?<\/p>\n<p>\u2014 Porque, como el elemento arquitect\u00f3nico, <strong>queremos aportar luz all\u00e1 donde no llega el sol<\/strong>.<br \/>\nCon el audiovisual, hacemos visibles proyectos de cooperativismo y econom\u00eda solidaria que a menudo quedan fuera del foco.[\/vc_column_text][\/vc_column][\/vc_row][vc_row full_width=\u00bbstretch_row_content\u00bb css=\u00bb.vc_custom_1760460456405{background: #eeeeee url(https:\/\/www.claraboia.coop\/wp-content\/uploads\/2024\/03\/clb-back.webp?id=) !important;}\u00bb][vc_column el_class=\u00bbtextnegre\u00bb][vc_column_text css=\u00bb\u00bb el_class=\u00bbtext-centrat\u00bb]<\/p>\n<h2>Somos econom\u00eda social y solidaria<\/h2>\n<p>Formamos parte activa del movimiento cooperativo y de la Econom\u00eda Solidaria, y entendemos que toda cooperativa debe contribuir a la construcci\u00f3n de una sociedad postcapitalista. Por eso, trabajamos desde la intercooperaci\u00f3n y estamos enredadas con entidades que promueven un mercado social transformador en el territorio.<\/p>\n<p>Somos miembros de la <strong>Red de Econom\u00eda Solidaria de Catalu\u00f1a<\/strong> y de su grupo local en Matar\u00f3, estamos federadas en la <strong>Federaci\u00f3n de Cooperativas de Trabajo de Catalu\u00f1a<\/strong>, y somos <strong>socias de proyectos cooperativos<\/strong> como Coop57, Som Energia, Som Mobilitat y Som Connex.[\/vc_column_text][vc_single_image image=\u00bb10366&#8243; img_size=\u00bbFULL\u00bb alignment=\u00bbcenter\u00bb css=\u00bb\u00bb][vc_row_inner][vc_column_inner width=\u00bb3\/4&#8243;][vc_column_text css=\u00bb\u00bb]<\/p>\n<h2>Somos transparentes<\/h2>\n<p>Realizamos el cuestionario de criterios del <strong>Pam a Pam<\/strong>, el mapa de iniciativas de econom\u00eda social y solidaria de Catalu\u00f1a; y adem\u00e1s, superamos el cuestionario de criterios para la incorporaci\u00f3n como socia aportadora en el <strong>Coop57<\/strong>.<br \/>\nAnualmente, nos sometemos al <strong>Balance Social<\/strong> de la Red de Econom\u00eda Solidaria de Catalu\u00f1a (XES), que nos permite cuantificar seis grandes caracter\u00edsticas que toda entidad debe alcanzar por considerarla socialmente responsable: democracia, igualdad, compromiso ambiental y social, as\u00ed como calidad laboral y profesional.<\/p>\n<p>Ten\u00e9is a vuestra disposici\u00f3n los resultados de las \u00faltimas participaciones en el Balance Social.[\/vc_column_text][\/vc_column_inner][vc_column_inner width=\u00bb1\/4&#8243;][\/vc_column_inner][\/vc_row_inner][vc_row_inner css=\u00bb.vc_custom_1746395130301{margin-top: 0px !important;border-top-width: 0px !important;padding-top: 0px !important;}\u00bb][vc_column_inner width=\u00bb1\/4&#8243; css=\u00bb.vc_custom_1746395175355{margin-top: 0px !important;border-top-width: 0px !important;padding-top: 0px !important;}\u00bb][vc_column_text css=\u00bb\u00bb]<\/p>\n<ul>\n<li><a href=\"https:\/\/www.claraboia.coop\/wp-content\/uploads\/2025\/10\/bs2025.pdf\" target=\"_blank\" rel=\"noopener\">2025<\/a><\/li>\n<li><a href=\"https:\/\/www.claraboia.coop\/wp-content\/uploads\/2024\/10\/bs2024.pdf\" target=\"_blank\" rel=\"noopener\">2024<\/a><\/li>\n<li><a href=\"https:\/\/www.claraboia.coop\/wp-content\/uploads\/2024\/02\/bs2023.pdf\" target=\"_blank\" rel=\"noopener\">2023<\/a><\/li>\n<\/ul>\n<p>[\/vc_column_text][\/vc_column_inner][vc_column_inner width=\u00bb1\/4&#8243; css=\u00bb.vc_custom_1746395180233{margin-top: 0px !important;border-top-width: 0px !important;padding-top: 0px !important;}\u00bb][vc_column_text css=\u00bb\u00bb]<\/p>\n<ul>\n<li><a href=\"https:\/\/www.claraboia.coop\/wp-content\/uploads\/2023\/09\/bs2023.pdf\" target=\"_blank\" rel=\"noopener\">2022<\/a><\/li>\n<li><a href=\"https:\/\/www.claraboia.coop\/wp-content\/uploads\/2021\/09\/bs2021.pdf\" target=\"_blank\" rel=\"noopener\">2021<\/a><\/li>\n<\/ul>\n<p>[\/vc_column_text][\/vc_column_inner][vc_column_inner width=\u00bb1\/4&#8243;][vc_column_text css=\u00bb\u00bb]<\/p>\n<ul>\n<li><a href=\"https:\/\/pamapam.cat\/directori\/claraboia-audiovisual-mataro\/\" target=\"_blank\" rel=\"noopener\">Fitxa Pam a Pam<\/a><\/li>\n<\/ul>\n<p>[\/vc_column_text][\/vc_column_inner][vc_column_inner width=\u00bb1\/4&#8243;][\/vc_column_inner][\/vc_row_inner][\/vc_column][\/vc_row]<\/p>\n<\/div>","protected":false},"excerpt":{"rendered":"<p>[vc_row full_width=\u00bbstretch_row\u00bb parallax=\u00bbcontent-moving-fade\u00bb parallax_image=\u00bb8245&#8243; css=\u00bb.vc_custom_1746390851441{background-position: 0 0;background-repeat: no-repeat !important;}\u00bb][vc_column][vc_empty_space height=\u00bb8vw\u00bb][vc_column_text css=\u00bb\u00bb el_class=\u00bb.text-en-blanc\u00bb] La Cooperativa [\/vc_column_text][vc_empty_space height=\u00bb7vw\u00bb][\/vc_column][\/vc_row][vc_row full_width=\u00bbstretch_row_content\u00bb css=\u00bb.vc_custom_1760460554994{margin-top: 1px !important;margin-bottom: 0px !important;border-bottom-width: 0px !important;padding-bottom: 0px !important;}\u00bb][vc_column el_class=\u00bbtextnegre\u00bb][vc_row_inner container_type=\u00bbfluid\u00bb css=\u00bb.vc_custom_1760460532052{margin-bottom: 0px !important;}\u00bb][vc_column_inner width=\u00bb1\/12&#8243;][\/vc_column_inner][vc_column_inner width=\u00bb5\/12&#8243;][vc_column_text css=\u00bb\u00bb] Desde 2010, somos la cooperativa del v\u00eddeo [\/vc_column_text][\/vc_column_inner][vc_column_inner width=\u00bb5\/12&#8243;][vc_column_text css=\u00bb\u00bb]Claraboia Audiovisual SCCL, somos una cooperativa de trabajo asociado nacida en 2010&hellip;<\/p>\n","protected":false},"author":1,"featured_media":8244,"parent":0,"menu_order":1,"comment_status":"open","ping_status":"closed","template":"","meta":{"_acf_changed":false,"footnotes":""},"class_list":["post-6145","page","type-page","status-publish","has-post-thumbnail","hentry"],"acf":[],"_links":{"self":[{"href":"https:\/\/www.claraboia.coop\/es\/wp-json\/wp\/v2\/pages\/6145","targetHints":{"allow":["GET"]}}],"collection":[{"href":"https:\/\/www.claraboia.coop\/es\/wp-json\/wp\/v2\/pages"}],"about":[{"href":"https:\/\/www.claraboia.coop\/es\/wp-json\/wp\/v2\/types\/page"}],"author":[{"embeddable":true,"href":"https:\/\/www.claraboia.coop\/es\/wp-json\/wp\/v2\/users\/1"}],"replies":[{"embeddable":true,"href":"https:\/\/www.claraboia.coop\/es\/wp-json\/wp\/v2\/comments?post=6145"}],"version-history":[{"count":0,"href":"https:\/\/www.claraboia.coop\/es\/wp-json\/wp\/v2\/pages\/6145\/revisions"}],"wp:featuredmedia":[{"embeddable":true,"href":"https:\/\/www.claraboia.coop\/es\/wp-json\/wp\/v2\/media\/8244"}],"wp:attachment":[{"href":"https:\/\/www.claraboia.coop\/es\/wp-json\/wp\/v2\/media?parent=6145"}],"curies":[{"name":"wp","href":"https:\/\/api.w.org\/{rel}","templated":true}]}}

<div class="wpb-content-wrapper"><p>[vc_row full_width=»stretch_row» parallax=»content-moving-fade» parallax_image=»8245&#8243; css=».vc_custom_1746390851441{background-position: 0 0;background-repeat: no-repeat !important;}»][vc_column][vc_empty_space height=»8vw»][vc_column_text css=»» el_class=».text-en-blanc»]</p>
<h1 style="text-align: center;">La Cooperativa</h1>
<p>[/vc_column_text][vc_empty_space height=»7vw»][/vc_column][/vc_row][vc_row full_width=»stretch_row_content» css=».vc_custom_1760460554994{margin-top: 1px !important;margin-bottom: 0px !important;border-bottom-width: 0px !important;padding-bottom: 0px !important;}»][vc_column el_class=»textnegre»][vc_row_inner container_type=»fluid» css=».vc_custom_1760460532052{margin-bottom: 0px !important;}»][vc_column_inner width=»1/12&#8243;][/vc_column_inner][vc_column_inner width=»5/12&#8243;][vc_column_text css=»»]</p>
<h2>Desde 2010, somos la cooperativa del vídeo</h2>
<p>[/vc_column_text][/vc_column_inner][vc_column_inner width=»5/12&#8243;][vc_column_text css=»»]Claraboia Audiovisual SCCL, somos una cooperativa de trabajo asociado nacida en 2010 en el Maresme con el objetivo de generar empleo digno en el sector audiovisual. Nos dedicamos a la producción y realización de soluciones comunicativas a través del lenguaje audiovisual, con la convicción de que el vídeo es una herramienta poderosa para transmitir valores de forma clara, directa y cercana.[/vc_column_text][/vc_column_inner][vc_column_inner width=»1/12&#8243;][/vc_column_inner][/vc_row_inner][vc_btn title=»Descubre nuestros servicios» style=»3d» shape=»round» color=»success» size=»lg» align=»center» i_icon_fontawesome=»fa fa-regular fa-eye» css=»» add_icon=»true» link=»url:https%3A%2F%2Fwww.claraboia.coop%2Fes%2Fproductora%2F|title:Producci%C3%B3n%20Audiovisual»][/vc_column][/vc_row][vc_row full_width=»stretch_row» css=».vc_custom_1746393812953{margin-top: 2rem !important;margin-bottom: 0px !important;background-color: #FFFFFF75 !important;}» el_class=»destacat-en-blanc»][vc_column el_class=»textnegre»][vc_column_text css=»»]— ¿Y por qué el nombre de <strong><em>Claraboia (Claraboya)</em></strong>?</p>
<p>— Porque, como el elemento arquitectónico, <strong>queremos aportar luz allá donde no llega el sol</strong>.<br />
Con el audiovisual, hacemos visibles proyectos de cooperativismo y economía solidaria que a menudo quedan fuera del foco.[/vc_column_text][/vc_column][/vc_row][vc_row full_width=»stretch_row_content» css=».vc_custom_1760460456405{background: #eeeeee url(https://www.claraboia.coop/wp-content/uploads/2024/03/clb-back.webp?id=) !important;}»][vc_column el_class=»textnegre»][vc_column_text css=»» el_class=»text-centrat»]</p>
<h2>Somos economía social y solidaria</h2>
<p>Formamos parte activa del movimiento cooperativo y de la Economía Solidaria, y entendemos que toda cooperativa debe contribuir a la construcción de una sociedad postcapitalista. Por eso, trabajamos desde la intercooperación y estamos enredadas con entidades que promueven un mercado social transformador en el territorio.</p>
<p>Somos miembros de la <strong>Red de Economía Solidaria de Cataluña</strong> y de su grupo local en Mataró, estamos federadas en la <strong>Federación de Cooperativas de Trabajo de Cataluña</strong>, y somos <strong>socias de proyectos cooperativos</strong> como Coop57, Som Energia, Som Mobilitat y Som Connex.[/vc_column_text][vc_single_image image=»10366&#8243; img_size=»FULL» alignment=»center» css=»»][vc_row_inner][vc_column_inner width=»3/4&#8243;][vc_column_text css=»»]</p>
<h2>Somos transparentes</h2>
<p>Realizamos el cuestionario de criterios del <strong>Pam a Pam</strong>, el mapa de iniciativas de economía social y solidaria de Cataluña; y además, superamos el cuestionario de criterios para la incorporación como socia aportadora en el <strong>Coop57</strong>.<br />
Anualmente, nos sometemos al <strong>Balance Social</strong> de la Red de Economía Solidaria de Cataluña (XES), que nos permite cuantificar seis grandes características que toda entidad debe alcanzar por considerarla socialmente responsable: democracia, igualdad, compromiso ambiental y social, así como calidad laboral y profesional.</p>
<p>Tenéis a vuestra disposición los resultados de las últimas participaciones en el Balance Social.[/vc_column_text][/vc_column_inner][vc_column_inner width=»1/4&#8243;][/vc_column_inner][/vc_row_inner][vc_row_inner css=».vc_custom_1746395130301{margin-top: 0px !important;border-top-width: 0px !important;padding-top: 0px !important;}»][vc_column_inner width=»1/4&#8243; css=».vc_custom_1746395175355{margin-top: 0px !important;border-top-width: 0px !important;padding-top: 0px !important;}»][vc_column_text css=»»]</p>
<ul>
<li><a href="https://www.claraboia.coop/wp-content/uploads/2025/10/bs2025.pdf" target="_blank" rel="noopener">2025</a></li>
<li><a href="https://www.claraboia.coop/wp-content/uploads/2024/10/bs2024.pdf" target="_blank" rel="noopener">2024</a></li>
<li><a href="https://www.claraboia.coop/wp-content/uploads/2024/02/bs2023.pdf" target="_blank" rel="noopener">2023</a></li>
</ul>
<p>[/vc_column_text][/vc_column_inner][vc_column_inner width=»1/4&#8243; css=».vc_custom_1746395180233{margin-top: 0px !important;border-top-width: 0px !important;padding-top: 0px !important;}»][vc_column_text css=»»]</p>
<ul>
<li><a href="https://www.claraboia.coop/wp-content/uploads/2023/09/bs2023.pdf" target="_blank" rel="noopener">2022</a></li>
<li><a href="https://www.claraboia.coop/wp-content/uploads/2021/09/bs2021.pdf" target="_blank" rel="noopener">2021</a></li>
</ul>
<p>[/vc_column_text][/vc_column_inner][vc_column_inner width=»1/4&#8243;][vc_column_text css=»»]</p>
<ul>
<li><a href="https://pamapam.cat/directori/claraboia-audiovisual-mataro/" target="_blank" rel="noopener">Fitxa Pam a Pam</a></li>
</ul>
<p>[/vc_column_text][/vc_column_inner][vc_column_inner width=»1/4&#8243;][/vc_column_inner][/vc_row_inner][/vc_column][/vc_row]</p>
</div>

<p>[vc_row full_width=»stretch_row» parallax=»content-moving-fade» parallax_image=»8245&#8243; css=».vc_custom_1746390851441{background-position: 0 0;background-repeat: no-repeat !important;}»][vc_column][vc_empty_space height=»8vw»][vc_column_text css=»» el_class=».text-en-blanc»] La Cooperativa [/vc_column_text][vc_empty_space height=»7vw»][/vc_column][/vc_row][vc_row full_width=»stretch_row_content» css=».vc_custom_1760460554994{margin-top: 1px !important;margin-bottom: 0px !important;border-bottom-width: 0px !important;padding-bottom: 0px !important;}»][vc_column el_class=»textnegre»][vc_row_inner container_type=»fluid» css=».vc_custom_1760460532052{margin-bottom: 0px !important;}»][vc_column_inner width=»1/12&#8243;][/vc_column_inner][vc_column_inner width=»5/12&#8243;][vc_column_text css=»»] Desde 2010, somos la cooperativa del vídeo [/vc_column_text][/vc_column_inner][vc_column_inner width=»5/12&#8243;][vc_column_text css=»»]Claraboia Audiovisual SCCL, somos una cooperativa de trabajo asociado nacida en 2010&hellip;</p>
