{"id":11418,"date":"2012-07-25T19:49:17","date_gmt":"2012-07-25T19:49:17","guid":{"rendered":"https:\/\/www.claraboia.coop\/portfolio\/homentage-a-joan-peiro-i-belis\/"},"modified":"2026-04-17T20:56:25","modified_gmt":"2026-04-17T20:56:25","slug":"homentage-a-joan-peiro-i-belis","status":"publish","type":"portfolio","link":"https:\/\/www.claraboia.coop\/es\/portfolio\/homentage-a-joan-peiro-i-belis\/","title":{"rendered":"Homenaje a Joan Peir\u00f3 i Belis"},"content":{"rendered":"<div class=\"wpb-content-wrapper\"><p>[vc_row full_width=\u00bbstretch_row\u00bb el_class=\u00bb.portfolio-fons-video\u00bb][vc_column][vc_empty_space height=\u00bb200px\u00bb][vc_column_text css=\u00bb\u00bb]<\/p>\n<h2 class=\"wpb_heading wpb_video_heading\">Homenaje a Joan Peir\u00f3 i Belis<\/h2>\n<p>[\/vc_column_text][vc_column_text css=\u00bb\u00bb]<div class=\"cb-video horizontal\" style=\"position:relative;padding-bottom:56.25%;height:0;\">\n                    <iframe\n                        src=\"https:\/\/player.vimeo.com\/video\/46375369?autoplay=0\"\n                        style=\"position:absolute;top:0;left:0;width:100%;height:100%;\"\n                        frameborder=\"0\"\n                        allowfullscreen>\n                    <\/iframe>\n                <\/div>[\/vc_column_text][\/vc_column][\/vc_row][vc_row full_width=\u00bbstretch_row\u00bb css=\u00bb.vc_custom_1549467766972{margin-top: 50px !important;}\u00bb][vc_column][vc_column_text css=\u00bb\u00bb]V\u00eddeo testimonial del homenaje que entidades por la memoria hist\u00f3rica, sindicales y cooperativistas realizaron el 24 de Julio de 2012 en el cementerio de los Capuchinos de Matar\u00f3, El Maresme.[\/vc_column_text][\/vc_column][\/vc_row]<\/p>\n<\/div>","protected":false},"excerpt":{"rendered":"<p>[vc_row full_width=\u00bbstretch_row\u00bb el_class=\u00bb.portfolio-fons-video\u00bb][vc_column][vc_empty_space height=\u00bb200px\u00bb][vc_column_text css=\u00bb\u00bb] Homenaje a Joan Peir\u00f3 i Belis [\/vc_column_text][vc_column_text css=\u00bb\u00bb][\/vc_column_text][\/vc_column][\/vc_row][vc_row full_width=\u00bbstretch_row\u00bb css=\u00bb.vc_custom_1549467766972{margin-top: 50px !important;}\u00bb][vc_column][vc_column_text css=\u00bb\u00bb]V\u00eddeo testimonial del homenaje que entidades por la memoria hist\u00f3rica, sindicales y cooperativistas realizaron el 24 de Julio de 2012 en el cementerio de los Capuchinos de Matar\u00f3, El Maresme.[\/vc_column_text][\/vc_column][\/vc_row]<\/p>\n","protected":false},"author":1,"featured_media":11416,"comment_status":"open","ping_status":"open","template":"","meta":{"_acf_changed":false,"footnotes":""},"clientes":[],"portfolio_category":[173,170],"portfolio_tag":[],"class_list":["post-11418","portfolio","type-portfolio","status-publish","has-post-thumbnail","hentry","portfolio_category-memoria-historica-es","portfolio_category-reportajes"],"acf":[],"_links":{"self":[{"href":"https:\/\/www.claraboia.coop\/es\/wp-json\/wp\/v2\/portfolio\/11418","targetHints":{"allow":["GET"]}}],"collection":[{"href":"https:\/\/www.claraboia.coop\/es\/wp-json\/wp\/v2\/portfolio"}],"about":[{"href":"https:\/\/www.claraboia.coop\/es\/wp-json\/wp\/v2\/types\/portfolio"}],"author":[{"embeddable":true,"href":"https:\/\/www.claraboia.coop\/es\/wp-json\/wp\/v2\/users\/1"}],"replies":[{"embeddable":true,"href":"https:\/\/www.claraboia.coop\/es\/wp-json\/wp\/v2\/comments?post=11418"}],"version-history":[{"count":2,"href":"https:\/\/www.claraboia.coop\/es\/wp-json\/wp\/v2\/portfolio\/11418\/revisions"}],"predecessor-version":[{"id":11420,"href":"https:\/\/www.claraboia.coop\/es\/wp-json\/wp\/v2\/portfolio\/11418\/revisions\/11420"}],"wp:featuredmedia":[{"embeddable":true,"href":"https:\/\/www.claraboia.coop\/es\/wp-json\/wp\/v2\/media\/11416"}],"wp:attachment":[{"href":"https:\/\/www.claraboia.coop\/es\/wp-json\/wp\/v2\/media?parent=11418"}],"wp:term":[{"taxonomy":"clientes","embeddable":true,"href":"https:\/\/www.claraboia.coop\/es\/wp-json\/wp\/v2\/clientes?post=11418"},{"taxonomy":"portfolio_category","embeddable":true,"href":"https:\/\/www.claraboia.coop\/es\/wp-json\/wp\/v2\/portfolio_category?post=11418"},{"taxonomy":"portfolio_tag","embeddable":true,"href":"https:\/\/www.claraboia.coop\/es\/wp-json\/wp\/v2\/portfolio_tag?post=11418"}],"curies":[{"name":"wp","href":"https:\/\/api.w.org\/{rel}","templated":true}]}}

Homenaje a Joan Peiró i Belis

<div class="wpb-content-wrapper"><p>[vc_row full_width=»stretch_row» el_class=».portfolio-fons-video»][vc_column][vc_empty_space height=»200px»][vc_column_text css=»»]</p>
<h2 class="wpb_heading wpb_video_heading">Homenaje a Joan Peiró i Belis</h2>
<p>[/vc_column_text][vc_column_text css=»»]<div class="cb-video horizontal" style="position:relative;padding-bottom:56.25%;height:0;">
                    <iframe
                        src="https://player.vimeo.com/video/46375369?autoplay=0"
                        style="position:absolute;top:0;left:0;width:100%;height:100%;"
                        frameborder="0"
                        allowfullscreen>
                    </iframe>
                </div>[/vc_column_text][/vc_column][/vc_row][vc_row full_width=»stretch_row» css=».vc_custom_1549467766972{margin-top: 50px !important;}»][vc_column][vc_column_text css=»»]Vídeo testimonial del homenaje que entidades por la memoria histórica, sindicales y cooperativistas realizaron el 24 de Julio de 2012 en el cementerio de los Capuchinos de Mataró, El Maresme.[/vc_column_text][/vc_column][/vc_row]</p>
</div>

<p>[vc_row full_width=»stretch_row» el_class=».portfolio-fons-video»][vc_column][vc_empty_space height=»200px»][vc_column_text css=»»] Homenaje a Joan Peiró i Belis [/vc_column_text][vc_column_text css=»»][/vc_column_text][/vc_column][/vc_row][vc_row full_width=»stretch_row» css=».vc_custom_1549467766972{margin-top: 50px !important;}»][vc_column][vc_column_text css=»»]Vídeo testimonial del homenaje que entidades por la memoria histórica, sindicales y cooperativistas realizaron el 24 de Julio de 2012 en el cementerio de los Capuchinos de Mataró, El Maresme.[/vc_column_text][/vc_column][/vc_row]</p>
