{"id":11770,"date":"2026-04-28T09:27:18","date_gmt":"2026-04-28T09:27:18","guid":{"rendered":"https:\/\/www.claraboia.coop\/?post_type=portfolio&#038;p=11770"},"modified":"2026-04-28T10:24:00","modified_gmt":"2026-04-28T10:24:00","slug":"homenatge-a-conxita-grange-beleta-memorial-democractic","status":"publish","type":"portfolio","link":"https:\/\/www.claraboia.coop\/es\/portfolio\/homenatge-a-conxita-grange-beleta-memorial-democractic\/","title":{"rendered":"Homenaje a Conxita Grang\u00e9 Beleta | Memorial Democr\u00e0ctic"},"content":{"rendered":"<div class=\"wpb-content-wrapper\"><p>[vc_row full_width=\u00bbstretch_row\u00bb el_class=\u00bb.portfolio-fons-video\u00bb][vc_column][vc_empty_space height=\u00bb200px\u00bb][vc_column_text css=\u00bb\u00bb]<\/p>\n<h2 class=\"wpb_heading wpb_video_heading\">Homenaje a Conxita Grang\u00e9 Beleta | Memorial Democr\u00e0ctic<\/h2>\n<p>[\/vc_column_text][vc_column_text css=\u00bb\u00bb]<div class=\"cb-video horizontal\" style=\"position:relative;padding-bottom:56.25%;height:0;\">\n                    <iframe\n                        src=\"https:\/\/player.vimeo.com\/video\/1101184642?autoplay=0\"\n                        style=\"position:absolute;top:0;left:0;width:100%;height:100%;\"\n                        frameborder=\"0\"\n                        allowfullscreen>\n                    <\/iframe>\n                <\/div>[\/vc_column_text][\/vc_column][\/vc_row][vc_row full_width=\u00bbstretch_row\u00bb css=\u00bb.vc_custom_1549467766972{margin-top: 50px !important;}\u00bb][vc_column][vc_column_text css=\u00bb\u00bb]Cliente: MEMORIAL DEMOCR\u00c0TIC<\/p>\n<p>V\u00eddeo que presenta, con motivo del centenario de su nacimiento, la biograf\u00eda de Conxita Grang\u00e9, su vinculaci\u00f3n al Vall Fosca, as\u00ed como su compromiso con la resistencia antifascista. En 2019 ya se hizo un acto de reconocimiento en la Vall Fosca, promovido por la Generalitat de Catalu\u00f1a y el Ayuntamiento de La Torre de Capdella, donde se dedic\u00f3 un espacio de memoria a su trayectoria.<\/p>\n<p>En agosto de 2025, con la celebraci\u00f3n del centenario de su nacimiento, tuvo lugar un acto de homenaje al Museo Hidroel\u00e9ctrico de Capdella y la inauguraci\u00f3n de la exposici\u00f3n \u201cConxita Grang\u00e9: compromiso y resistencia\u201d.[\/vc_column_text][\/vc_column][\/vc_row]<\/p>\n<\/div>","protected":false},"excerpt":{"rendered":"<p>[vc_row full_width=\u00bbstretch_row\u00bb el_class=\u00bb.portfolio-fons-video\u00bb][vc_column][vc_empty_space height=\u00bb200px\u00bb][vc_column_text css=\u00bb\u00bb] Homenaje a Conxita Grang\u00e9 Beleta | Memorial Democr\u00e0ctic [\/vc_column_text][vc_column_text css=\u00bb\u00bb][\/vc_column_text][\/vc_column][\/vc_row][vc_row full_width=\u00bbstretch_row\u00bb css=\u00bb.vc_custom_1549467766972{margin-top: 50px !important;}\u00bb][vc_column][vc_column_text css=\u00bb\u00bb]Cliente: MEMORIAL DEMOCR\u00c0TIC V\u00eddeo que presenta, con motivo del centenario de su nacimiento, la biograf\u00eda de Conxita Grang\u00e9, su vinculaci\u00f3n al Vall Fosca, as\u00ed como su compromiso con la resistencia antifascista. En 2019 ya se hizo&hellip;<\/p>\n","protected":false},"author":1,"featured_media":11771,"comment_status":"open","ping_status":"closed","template":"","meta":{"_acf_changed":false,"footnotes":""},"clientes":[218,240],"portfolio_category":[167,173,170],"portfolio_tag":[],"class_list":["post-11770","portfolio","type-portfolio","status-publish","has-post-thumbnail","hentry","clientes-generalitat-de-catalunya","clientes-memorial-democratic","portfolio_category-entrevistas","portfolio_category-memoria-historica-es","portfolio_category-reportajes"],"acf":[],"_links":{"self":[{"href":"https:\/\/www.claraboia.coop\/es\/wp-json\/wp\/v2\/portfolio\/11770","targetHints":{"allow":["GET"]}}],"collection":[{"href":"https:\/\/www.claraboia.coop\/es\/wp-json\/wp\/v2\/portfolio"}],"about":[{"href":"https:\/\/www.claraboia.coop\/es\/wp-json\/wp\/v2\/types\/portfolio"}],"author":[{"embeddable":true,"href":"https:\/\/www.claraboia.coop\/es\/wp-json\/wp\/v2\/users\/1"}],"replies":[{"embeddable":true,"href":"https:\/\/www.claraboia.coop\/es\/wp-json\/wp\/v2\/comments?post=11770"}],"version-history":[{"count":4,"href":"https:\/\/www.claraboia.coop\/es\/wp-json\/wp\/v2\/portfolio\/11770\/revisions"}],"predecessor-version":[{"id":11788,"href":"https:\/\/www.claraboia.coop\/es\/wp-json\/wp\/v2\/portfolio\/11770\/revisions\/11788"}],"wp:featuredmedia":[{"embeddable":true,"href":"https:\/\/www.claraboia.coop\/es\/wp-json\/wp\/v2\/media\/11771"}],"wp:attachment":[{"href":"https:\/\/www.claraboia.coop\/es\/wp-json\/wp\/v2\/media?parent=11770"}],"wp:term":[{"taxonomy":"clientes","embeddable":true,"href":"https:\/\/www.claraboia.coop\/es\/wp-json\/wp\/v2\/clientes?post=11770"},{"taxonomy":"portfolio_category","embeddable":true,"href":"https:\/\/www.claraboia.coop\/es\/wp-json\/wp\/v2\/portfolio_category?post=11770"},{"taxonomy":"portfolio_tag","embeddable":true,"href":"https:\/\/www.claraboia.coop\/es\/wp-json\/wp\/v2\/portfolio_tag?post=11770"}],"curies":[{"name":"wp","href":"https:\/\/api.w.org\/{rel}","templated":true}]}}

Homenaje a Conxita Grangé Beleta | Memorial Democràctic

<div class="wpb-content-wrapper"><p>[vc_row full_width=»stretch_row» el_class=».portfolio-fons-video»][vc_column][vc_empty_space height=»200px»][vc_column_text css=»»]</p>
<h2 class="wpb_heading wpb_video_heading">Homenaje a Conxita Grangé Beleta | Memorial Democràctic</h2>
<p>[/vc_column_text][vc_column_text css=»»]<div class="cb-video horizontal" style="position:relative;padding-bottom:56.25%;height:0;">
                    <iframe
                        src="https://player.vimeo.com/video/1101184642?autoplay=0"
                        style="position:absolute;top:0;left:0;width:100%;height:100%;"
                        frameborder="0"
                        allowfullscreen>
                    </iframe>
                </div>[/vc_column_text][/vc_column][/vc_row][vc_row full_width=»stretch_row» css=».vc_custom_1549467766972{margin-top: 50px !important;}»][vc_column][vc_column_text css=»»]Cliente: MEMORIAL DEMOCRÀTIC</p>
<p>Vídeo que presenta, con motivo del centenario de su nacimiento, la biografía de Conxita Grangé, su vinculación al Vall Fosca, así como su compromiso con la resistencia antifascista. En 2019 ya se hizo un acto de reconocimiento en la Vall Fosca, promovido por la Generalitat de Cataluña y el Ayuntamiento de La Torre de Capdella, donde se dedicó un espacio de memoria a su trayectoria.</p>
<p>En agosto de 2025, con la celebración del centenario de su nacimiento, tuvo lugar un acto de homenaje al Museo Hidroeléctrico de Capdella y la inauguración de la exposición “Conxita Grangé: compromiso y resistencia”.[/vc_column_text][/vc_column][/vc_row]</p>
</div>

<p>[vc_row full_width=»stretch_row» el_class=».portfolio-fons-video»][vc_column][vc_empty_space height=»200px»][vc_column_text css=»»] Homenaje a Conxita Grangé Beleta | Memorial Democràctic [/vc_column_text][vc_column_text css=»»][/vc_column_text][/vc_column][/vc_row][vc_row full_width=»stretch_row» css=».vc_custom_1549467766972{margin-top: 50px !important;}»][vc_column][vc_column_text css=»»]Cliente: MEMORIAL DEMOCRÀTIC Vídeo que presenta, con motivo del centenario de su nacimiento, la biografía de Conxita Grangé, su vinculación al Vall Fosca, así como su compromiso con la resistencia antifascista. En 2019 ya se hizo&hellip;</p>
