{"id":6393,"date":"2014-05-07T18:24:38","date_gmt":"2014-05-07T18:24:38","guid":{"rendered":"https:\/\/www.claraboia.coop\/?portfolio=fctc-assemblea-general-2014"},"modified":"2026-04-17T18:23:55","modified_gmt":"2026-04-17T18:23:55","slug":"assemblea-2014-fctc","status":"publish","type":"portfolio","link":"https:\/\/www.claraboia.coop\/es\/portfolio\/assemblea-2014-fctc\/","title":{"rendered":"Assemblea 2014 | Federaci\u00f3 Cooperatives Treball Catalunya"},"content":{"rendered":"<div class=\"wpb-content-wrapper\"><p>[vc_row full_width=\u00bbstretch_row\u00bb el_class=\u00bb.portfolio-fons-video\u00bb][vc_column][vc_empty_space height=\u00bb200px\u00bb][vc_column_text]<\/p>\n<h2 class=\"wpb_heading wpb_video_heading\">Assemblea 2014 | Federaci\u00f3 Cooperatives Treball Catalunya<\/h2>\n<p>[\/vc_column_text]<br \/>\n[vc_column_text css=\u00bb\u00bb]<br \/>\n<div class=\"cb-video horizontal\" style=\"position:relative;padding-bottom:56.25%;height:0;\">\n                    <iframe\n                        src=\"https:\/\/player.vimeo.com\/video\/91396260?autoplay=0\"\n                        style=\"position:absolute;top:0;left:0;width:100%;height:100%;\"\n                        frameborder=\"0\"\n                        allowfullscreen>\n                    <\/iframe>\n                <\/div><br \/>\n[\/vc_column_text]<br \/>\n[\/vc_column][\/vc_row][vc_row full_width=\u00bbstretch_row\u00bb css=\u00bb.vc_custom_1549467766972{margin-top: 50px !important;}\u00bb][vc_column][vc_column_text]Cliente: FEDERACI\u00d3 DE COOPERATIVES DE TREBALL DE CATALUNYA<\/p>\n<p>Un nuevo consejo rector, presidido por Perfecto Alonso, recibi\u00f3 la confianza de las cooperativas asistentes a la Asamblea de la Federaci\u00f3 de Cooperatives de Treball de Catalunya,, celebrada el 3 de abril de 2014, donde tambi\u00e9n se aprobaron la memoria social y econ\u00f3mica y la propuesta de participar en un proceso de fusi\u00f3n de estructuras representativas del cooperativismo.<\/p>\n<p>En CLARABOIA nos hemos encargado de la grabaci\u00f3n y la edici\u00f3n del reportaje.<br \/>\n[\/vc_column_text][\/vc_column][\/vc_row]<\/p>\n<\/div>","protected":false},"excerpt":{"rendered":"<p>[vc_row full_width=\u00bbstretch_row\u00bb el_class=\u00bb.portfolio-fons-video\u00bb][vc_column][vc_empty_space height=\u00bb200px\u00bb][vc_column_text] Assemblea 2014 | Federaci\u00f3 Cooperatives Treball Catalunya [\/vc_column_text] [vc_column_text css=\u00bb\u00bb] [\/vc_column_text] [\/vc_column][\/vc_row][vc_row full_width=\u00bbstretch_row\u00bb css=\u00bb.vc_custom_1549467766972{margin-top: 50px !important;}\u00bb][vc_column][vc_column_text]Cliente: FEDERACI\u00d3 DE COOPERATIVES DE TREBALL DE CATALUNYA Un nuevo consejo rector, presidido por Perfecto Alonso, recibi\u00f3 la confianza de las cooperativas asistentes a la Asamblea de la Federaci\u00f3 de Cooperatives de Treball de Catalunya,, celebrada&hellip;<\/p>\n","protected":false},"author":1,"featured_media":8048,"comment_status":"closed","ping_status":"closed","template":"","meta":{"_acf_changed":false,"footnotes":""},"clientes":[],"portfolio_category":[205,164,170],"portfolio_tag":[],"class_list":["post-6393","portfolio","type-portfolio","status-publish","has-post-thumbnail","hentry","portfolio_category-aftermovie","portfolio_category-comunicacion-social","portfolio_category-reportajes"],"acf":[],"_links":{"self":[{"href":"https:\/\/www.claraboia.coop\/es\/wp-json\/wp\/v2\/portfolio\/6393","targetHints":{"allow":["GET"]}}],"collection":[{"href":"https:\/\/www.claraboia.coop\/es\/wp-json\/wp\/v2\/portfolio"}],"about":[{"href":"https:\/\/www.claraboia.coop\/es\/wp-json\/wp\/v2\/types\/portfolio"}],"author":[{"embeddable":true,"href":"https:\/\/www.claraboia.coop\/es\/wp-json\/wp\/v2\/users\/1"}],"replies":[{"embeddable":true,"href":"https:\/\/www.claraboia.coop\/es\/wp-json\/wp\/v2\/comments?post=6393"}],"version-history":[{"count":1,"href":"https:\/\/www.claraboia.coop\/es\/wp-json\/wp\/v2\/portfolio\/6393\/revisions"}],"predecessor-version":[{"id":11291,"href":"https:\/\/www.claraboia.coop\/es\/wp-json\/wp\/v2\/portfolio\/6393\/revisions\/11291"}],"wp:featuredmedia":[{"embeddable":true,"href":"https:\/\/www.claraboia.coop\/es\/wp-json\/wp\/v2\/media\/8048"}],"wp:attachment":[{"href":"https:\/\/www.claraboia.coop\/es\/wp-json\/wp\/v2\/media?parent=6393"}],"wp:term":[{"taxonomy":"clientes","embeddable":true,"href":"https:\/\/www.claraboia.coop\/es\/wp-json\/wp\/v2\/clientes?post=6393"},{"taxonomy":"portfolio_category","embeddable":true,"href":"https:\/\/www.claraboia.coop\/es\/wp-json\/wp\/v2\/portfolio_category?post=6393"},{"taxonomy":"portfolio_tag","embeddable":true,"href":"https:\/\/www.claraboia.coop\/es\/wp-json\/wp\/v2\/portfolio_tag?post=6393"}],"curies":[{"name":"wp","href":"https:\/\/api.w.org\/{rel}","templated":true}]}}

Assemblea 2014 | Federació Cooperatives Treball Catalunya

<div class="wpb-content-wrapper"><p>[vc_row full_width=»stretch_row» el_class=».portfolio-fons-video»][vc_column][vc_empty_space height=»200px»][vc_column_text]</p>
<h2 class="wpb_heading wpb_video_heading">Assemblea 2014 | Federació Cooperatives Treball Catalunya</h2>
<p>[/vc_column_text]<br />
[vc_column_text css=»»]<br />
<div class="cb-video horizontal" style="position:relative;padding-bottom:56.25%;height:0;">
                    <iframe
                        src="https://player.vimeo.com/video/91396260?autoplay=0"
                        style="position:absolute;top:0;left:0;width:100%;height:100%;"
                        frameborder="0"
                        allowfullscreen>
                    </iframe>
                </div><br />
[/vc_column_text]<br />
[/vc_column][/vc_row][vc_row full_width=»stretch_row» css=».vc_custom_1549467766972{margin-top: 50px !important;}»][vc_column][vc_column_text]Cliente: FEDERACIÓ DE COOPERATIVES DE TREBALL DE CATALUNYA</p>
<p>Un nuevo consejo rector, presidido por Perfecto Alonso, recibió la confianza de las cooperativas asistentes a la Asamblea de la Federació de Cooperatives de Treball de Catalunya,, celebrada el 3 de abril de 2014, donde también se aprobaron la memoria social y económica y la propuesta de participar en un proceso de fusión de estructuras representativas del cooperativismo.</p>
<p>En CLARABOIA nos hemos encargado de la grabación y la edición del reportaje.<br />
[/vc_column_text][/vc_column][/vc_row]</p>
</div>

<p>[vc_row full_width=»stretch_row» el_class=».portfolio-fons-video»][vc_column][vc_empty_space height=»200px»][vc_column_text] Assemblea 2014 | Federació Cooperatives Treball Catalunya [/vc_column_text] [vc_column_text css=»»] [/vc_column_text] [/vc_column][/vc_row][vc_row full_width=»stretch_row» css=».vc_custom_1549467766972{margin-top: 50px !important;}»][vc_column][vc_column_text]Cliente: FEDERACIÓ DE COOPERATIVES DE TREBALL DE CATALUNYA Un nuevo consejo rector, presidido por Perfecto Alonso, recibió la confianza de las cooperativas asistentes a la Asamblea de la Federació de Cooperatives de Treball de Catalunya,, celebrada&hellip;</p>
