{"id":6455,"date":"2015-05-05T19:31:18","date_gmt":"2015-05-05T19:31:18","guid":{"rendered":"https:\/\/www.claraboia.coop\/?portfolio=amnistia-internacional-catalunya-video-memoria-2014"},"modified":"2026-04-20T10:07:09","modified_gmt":"2026-04-20T10:07:09","slug":"amnistia-internacional-catalunya-video-memoria-2014","status":"publish","type":"portfolio","link":"https:\/\/www.claraboia.coop\/es\/portfolio\/amnistia-internacional-catalunya-video-memoria-2014\/","title":{"rendered":"Amnistia Internacional Catalunya | Video-Mem\u00f2ria 2014"},"content":{"rendered":"<div class=\"wpb-content-wrapper\"><p>[vc_row full_width=\u00bbstretch_row\u00bb el_class=\u00bb.portfolio-fons-video\u00bb][vc_column][vc_empty_space height=\u00bb200px\u00bb][vc_column_text]<\/p>\n<h2 class=\"wpb_heading wpb_video_heading\">Amnistia Internacional Catalunya | Video-Mem\u00f2ria 2014<\/h2>\n<p>[\/vc_column_text][vc_column_text css=\u00bb\u00bb]<div class=\"cb-video horizontal\" style=\"position:relative;padding-bottom:56.25%;height:0;\">\n                    <iframe\n                        src=\"https:\/\/www.youtube.com\/embed\/7CLeEIaVGC8?autoplay=0\"\n                        style=\"position:absolute;top:0;left:0;width:100%;height:100%;\"\n                        frameborder=\"0\"\n                        allow=\"autoplay; encrypted-media\"\n                        allowfullscreen>\n                    <\/iframe>\n                <\/div>[\/vc_column_text][\/vc_column][\/vc_row][vc_row][vc_column][vc_column_text]Cliente: AMNIST\u00cdA INTERNACIONAL CATALUNYA<br \/>\nVideo-memoria que recopila algunas de las principales acciones llevadas a cabo por los activistas y la oficina de Amnist\u00eda Internacional Catalu\u00f1a en 2014.<br \/>\nElaborado con im\u00e1genes de CLARABOIA con la ONG y de reportajes creados por el voluntariado de AIC.<\/p>\n<p><a href=\"https:\/\/www.amnistiacatalunya.org\" target=\"_blank\" rel=\"noopener\">www.amnistiacatalunya.org<\/a>[\/vc_column_text][\/vc_column][\/vc_row]<\/p>\n<\/div>","protected":false},"excerpt":{"rendered":"<p>[vc_row full_width=\u00bbstretch_row\u00bb el_class=\u00bb.portfolio-fons-video\u00bb][vc_column][vc_empty_space height=\u00bb200px\u00bb][vc_column_text] Amnistia Internacional Catalunya | Video-Mem\u00f2ria 2014 [\/vc_column_text][vc_column_text css=\u00bb\u00bb][\/vc_column_text][\/vc_column][\/vc_row][vc_row][vc_column][vc_column_text]Cliente: AMNIST\u00cdA INTERNACIONAL CATALUNYA Video-memoria que recopila algunas de las principales acciones llevadas a cabo por los activistas y la oficina de Amnist\u00eda Internacional Catalu\u00f1a en 2014. Elaborado con im\u00e1genes de CLARABOIA con la ONG y de reportajes creados por el voluntariado de AIC.&hellip;<\/p>\n","protected":false},"author":1,"featured_media":11615,"comment_status":"closed","ping_status":"open","template":"","meta":{"_acf_changed":false,"footnotes":""},"clientes":[232],"portfolio_category":[164,179],"portfolio_tag":[],"class_list":["post-6455","portfolio","type-portfolio","status-publish","has-post-thumbnail","hentry","clientes-amnistia-catalunya","portfolio_category-comunicacion-social","portfolio_category-videomemoria"],"acf":[],"_links":{"self":[{"href":"https:\/\/www.claraboia.coop\/es\/wp-json\/wp\/v2\/portfolio\/6455","targetHints":{"allow":["GET"]}}],"collection":[{"href":"https:\/\/www.claraboia.coop\/es\/wp-json\/wp\/v2\/portfolio"}],"about":[{"href":"https:\/\/www.claraboia.coop\/es\/wp-json\/wp\/v2\/types\/portfolio"}],"author":[{"embeddable":true,"href":"https:\/\/www.claraboia.coop\/es\/wp-json\/wp\/v2\/users\/1"}],"replies":[{"embeddable":true,"href":"https:\/\/www.claraboia.coop\/es\/wp-json\/wp\/v2\/comments?post=6455"}],"version-history":[{"count":3,"href":"https:\/\/www.claraboia.coop\/es\/wp-json\/wp\/v2\/portfolio\/6455\/revisions"}],"predecessor-version":[{"id":11617,"href":"https:\/\/www.claraboia.coop\/es\/wp-json\/wp\/v2\/portfolio\/6455\/revisions\/11617"}],"wp:featuredmedia":[{"embeddable":true,"href":"https:\/\/www.claraboia.coop\/es\/wp-json\/wp\/v2\/media\/11615"}],"wp:attachment":[{"href":"https:\/\/www.claraboia.coop\/es\/wp-json\/wp\/v2\/media?parent=6455"}],"wp:term":[{"taxonomy":"clientes","embeddable":true,"href":"https:\/\/www.claraboia.coop\/es\/wp-json\/wp\/v2\/clientes?post=6455"},{"taxonomy":"portfolio_category","embeddable":true,"href":"https:\/\/www.claraboia.coop\/es\/wp-json\/wp\/v2\/portfolio_category?post=6455"},{"taxonomy":"portfolio_tag","embeddable":true,"href":"https:\/\/www.claraboia.coop\/es\/wp-json\/wp\/v2\/portfolio_tag?post=6455"}],"curies":[{"name":"wp","href":"https:\/\/api.w.org\/{rel}","templated":true}]}}

Amnistia Internacional Catalunya | Video-Memòria 2014

<div class="wpb-content-wrapper"><p>[vc_row full_width=»stretch_row» el_class=».portfolio-fons-video»][vc_column][vc_empty_space height=»200px»][vc_column_text]</p>
<h2 class="wpb_heading wpb_video_heading">Amnistia Internacional Catalunya | Video-Memòria 2014</h2>
<p>[/vc_column_text][vc_column_text css=»»]<div class="cb-video horizontal" style="position:relative;padding-bottom:56.25%;height:0;">
                    <iframe
                        src="https://www.youtube.com/embed/7CLeEIaVGC8?autoplay=0"
                        style="position:absolute;top:0;left:0;width:100%;height:100%;"
                        frameborder="0"
                        allow="autoplay; encrypted-media"
                        allowfullscreen>
                    </iframe>
                </div>[/vc_column_text][/vc_column][/vc_row][vc_row][vc_column][vc_column_text]Cliente: AMNISTÍA INTERNACIONAL CATALUNYA<br />
Video-memoria que recopila algunas de las principales acciones llevadas a cabo por los activistas y la oficina de Amnistía Internacional Cataluña en 2014.<br />
Elaborado con imágenes de CLARABOIA con la ONG y de reportajes creados por el voluntariado de AIC.</p>
<p><a href="https://www.amnistiacatalunya.org" target="_blank" rel="noopener">www.amnistiacatalunya.org</a>[/vc_column_text][/vc_column][/vc_row]</p>
</div>

<p>[vc_row full_width=»stretch_row» el_class=».portfolio-fons-video»][vc_column][vc_empty_space height=»200px»][vc_column_text] Amnistia Internacional Catalunya | Video-Memòria 2014 [/vc_column_text][vc_column_text css=»»][/vc_column_text][/vc_column][/vc_row][vc_row][vc_column][vc_column_text]Cliente: AMNISTÍA INTERNACIONAL CATALUNYA Video-memoria que recopila algunas de las principales acciones llevadas a cabo por los activistas y la oficina de Amnistía Internacional Cataluña en 2014. Elaborado con imágenes de CLARABOIA con la ONG y de reportajes creados por el voluntariado de AIC.&hellip;</p>
