{"id":6491,"date":"2015-08-26T15:51:49","date_gmt":"2015-08-26T15:51:49","guid":{"rendered":"https:\/\/www.claraboia.coop\/?portfolio=assemblea-2015-federacio-de-cooperatives-de-treball-de-catalunya"},"modified":"2026-04-17T18:23:52","modified_gmt":"2026-04-17T18:23:52","slug":"fctc-assemblea-2015","status":"publish","type":"portfolio","link":"https:\/\/www.claraboia.coop\/es\/portfolio\/fctc-assemblea-2015\/","title":{"rendered":"Assemblea 2015 | Federaci\u00f3 de Cooperatives de Treball de Catalunya"},"content":{"rendered":"<div class=\"wpb-content-wrapper\"><p>[vc_row full_width=\u00bbstretch_row\u00bb el_class=\u00bb.portfolio-fons-video\u00bb][vc_column][vc_empty_space height=\u00bb200px\u00bb][vc_column_text]<\/p>\n<h2 class=\"wpb_heading wpb_video_heading\">Assemblea 2015 | Federaci\u00f3 de Cooperatives de Treball de Catalunya<\/h2>\n<p>[\/vc_column_text]<br \/>\n[vc_column_text css=\u00bb\u00bb]<br \/>\n<div class=\"cb-video horizontal\" style=\"position:relative;padding-bottom:56.25%;height:0;\">\n                    <iframe\n                        src=\"https:\/\/player.vimeo.com\/video\/131744657?autoplay=0\"\n                        style=\"position:absolute;top:0;left:0;width:100%;height:100%;\"\n                        frameborder=\"0\"\n                        allowfullscreen>\n                    <\/iframe>\n                <\/div><br \/>\n[\/vc_column_text]<br \/>\n[\/vc_column][\/vc_row][vc_row full_width=\u00bbstretch_row\u00bb css=\u00bb.vc_custom_1549467766972{margin-top: 50px !important;}\u00bb][vc_column][vc_column_text]Cliente: FEDERACI\u00d3 COOPERATIVES DE TREBALL DE CATALUNYA<\/p>\n<p>Este a\u00f1o, una peque\u00f1a representaci\u00f3n de los cooperativistas federados, son los protagonistas y narradores del reportaje de la Asamblea de la Federaci\u00f3n de Cooperativas de Trabajo de Catalu\u00f1a, un espacio anual de encuentro e intercambio de las cooperativas federadas, as\u00ed como representantes de entidades p\u00fablicas y privadas.[\/vc_column_text][\/vc_column][\/vc_row]<\/p>\n<\/div>","protected":false},"excerpt":{"rendered":"<p>[vc_row full_width=\u00bbstretch_row\u00bb el_class=\u00bb.portfolio-fons-video\u00bb][vc_column][vc_empty_space height=\u00bb200px\u00bb][vc_column_text] Assemblea 2015 | Federaci\u00f3 de Cooperatives de Treball de Catalunya [\/vc_column_text] [vc_column_text css=\u00bb\u00bb] [\/vc_column_text] [\/vc_column][\/vc_row][vc_row full_width=\u00bbstretch_row\u00bb css=\u00bb.vc_custom_1549467766972{margin-top: 50px !important;}\u00bb][vc_column][vc_column_text]Cliente: FEDERACI\u00d3 COOPERATIVES DE TREBALL DE CATALUNYA Este a\u00f1o, una peque\u00f1a representaci\u00f3n de los cooperativistas federados, son los protagonistas y narradores del reportaje de la Asamblea de la Federaci\u00f3n de Cooperativas de Trabajo&hellip;<\/p>\n","protected":false},"author":1,"featured_media":7811,"comment_status":"closed","ping_status":"open","template":"","meta":{"_acf_changed":false,"footnotes":""},"clientes":[],"portfolio_category":[206,164,167,170],"portfolio_tag":[],"class_list":["post-6491","portfolio","type-portfolio","status-publish","has-post-thumbnail","hentry","portfolio_category-aftermovie-es","portfolio_category-comunicacion-social","portfolio_category-entrevistas","portfolio_category-reportajes"],"acf":[],"_links":{"self":[{"href":"https:\/\/www.claraboia.coop\/es\/wp-json\/wp\/v2\/portfolio\/6491","targetHints":{"allow":["GET"]}}],"collection":[{"href":"https:\/\/www.claraboia.coop\/es\/wp-json\/wp\/v2\/portfolio"}],"about":[{"href":"https:\/\/www.claraboia.coop\/es\/wp-json\/wp\/v2\/types\/portfolio"}],"author":[{"embeddable":true,"href":"https:\/\/www.claraboia.coop\/es\/wp-json\/wp\/v2\/users\/1"}],"replies":[{"embeddable":true,"href":"https:\/\/www.claraboia.coop\/es\/wp-json\/wp\/v2\/comments?post=6491"}],"version-history":[{"count":1,"href":"https:\/\/www.claraboia.coop\/es\/wp-json\/wp\/v2\/portfolio\/6491\/revisions"}],"predecessor-version":[{"id":11230,"href":"https:\/\/www.claraboia.coop\/es\/wp-json\/wp\/v2\/portfolio\/6491\/revisions\/11230"}],"wp:featuredmedia":[{"embeddable":true,"href":"https:\/\/www.claraboia.coop\/es\/wp-json\/wp\/v2\/media\/7811"}],"wp:attachment":[{"href":"https:\/\/www.claraboia.coop\/es\/wp-json\/wp\/v2\/media?parent=6491"}],"wp:term":[{"taxonomy":"clientes","embeddable":true,"href":"https:\/\/www.claraboia.coop\/es\/wp-json\/wp\/v2\/clientes?post=6491"},{"taxonomy":"portfolio_category","embeddable":true,"href":"https:\/\/www.claraboia.coop\/es\/wp-json\/wp\/v2\/portfolio_category?post=6491"},{"taxonomy":"portfolio_tag","embeddable":true,"href":"https:\/\/www.claraboia.coop\/es\/wp-json\/wp\/v2\/portfolio_tag?post=6491"}],"curies":[{"name":"wp","href":"https:\/\/api.w.org\/{rel}","templated":true}]}}

Assemblea 2015 | Federació de Cooperatives de Treball de Catalunya

<div class="wpb-content-wrapper"><p>[vc_row full_width=»stretch_row» el_class=».portfolio-fons-video»][vc_column][vc_empty_space height=»200px»][vc_column_text]</p>
<h2 class="wpb_heading wpb_video_heading">Assemblea 2015 | Federació de Cooperatives de Treball de Catalunya</h2>
<p>[/vc_column_text]<br />
[vc_column_text css=»»]<br />
<div class="cb-video horizontal" style="position:relative;padding-bottom:56.25%;height:0;">
                    <iframe
                        src="https://player.vimeo.com/video/131744657?autoplay=0"
                        style="position:absolute;top:0;left:0;width:100%;height:100%;"
                        frameborder="0"
                        allowfullscreen>
                    </iframe>
                </div><br />
[/vc_column_text]<br />
[/vc_column][/vc_row][vc_row full_width=»stretch_row» css=».vc_custom_1549467766972{margin-top: 50px !important;}»][vc_column][vc_column_text]Cliente: FEDERACIÓ COOPERATIVES DE TREBALL DE CATALUNYA</p>
<p>Este año, una pequeña representación de los cooperativistas federados, son los protagonistas y narradores del reportaje de la Asamblea de la Federación de Cooperativas de Trabajo de Cataluña, un espacio anual de encuentro e intercambio de las cooperativas federadas, así como representantes de entidades públicas y privadas.[/vc_column_text][/vc_column][/vc_row]</p>
</div>

<p>[vc_row full_width=»stretch_row» el_class=».portfolio-fons-video»][vc_column][vc_empty_space height=»200px»][vc_column_text] Assemblea 2015 | Federació de Cooperatives de Treball de Catalunya [/vc_column_text] [vc_column_text css=»»] [/vc_column_text] [/vc_column][/vc_row][vc_row full_width=»stretch_row» css=».vc_custom_1549467766972{margin-top: 50px !important;}»][vc_column][vc_column_text]Cliente: FEDERACIÓ COOPERATIVES DE TREBALL DE CATALUNYA Este año, una pequeña representación de los cooperativistas federados, son los protagonistas y narradores del reportaje de la Asamblea de la Federación de Cooperativas de Trabajo&hellip;</p>
