{"id":7474,"date":"2011-06-18T21:40:35","date_gmt":"2011-06-18T21:40:35","guid":{"rendered":"https:\/\/www.claraboia.coop\/portfolio\/rt\/"},"modified":"2023-10-02T12:05:24","modified_gmt":"2023-10-02T12:05:24","slug":"rt","status":"publish","type":"portfolio","link":"https:\/\/www.claraboia.coop\/es\/portfolio\/rt\/","title":{"rendered":"RT# connectades a la xarxa, coordinades a les places"},"content":{"rendered":"<div class=\"wpb-content-wrapper\"><p>[vc_row full_width=\u00bbstretch_row\u00bb el_class=\u00bb.portfolio-fons-video\u00bb][vc_column][vc_empty_space height=\u00bb200px\u00bb][vc_raw_html]JTNDZGl2JTIwc3R5bGUlM0QlMjdwYWRkaW5nJTNBNTYuMjUlMjUlMjAwJTIwMCUyMDAlM0Jwb3NpdGlvbiUzQXJlbGF0aXZlJTNCJTI3JTNFJTNDaWZyYW1lJTIwc3JjJTNEJTI3aHR0cHMlM0ElMkYlMkZ2aW1lby5jb20lMkZzaG93Y2FzZSUyRjEwNjkxMjE4JTJGZW1iZWQlMjclMjBhbGxvd2Z1bGxzY3JlZW4lMjBmcmFtZWJvcmRlciUzRCUyNzAlMjclMjBzdHlsZSUzRCUyN3Bvc2l0aW9uJTNBYWJzb2x1dGUlM0J0b3AlM0EwJTNCbGVmdCUzQTAlM0J3aWR0aCUzQTEwMCUyNSUzQmhlaWdodCUzQTEwMCUyNSUzQiUyNyUzRSUzQyUyRmlmcmFtZSUzRSUzQyUyRmRpdiUzRQ==[\/vc_raw_html][\/vc_column][\/vc_row][vc_row full_width=\u00bbstretch_row\u00bb css=\u00bb.vc_custom_1549467766972{margin-top: 50px !important;}\u00bb][vc_column][vc_column_text]Proyecto cooperativo de La Ciudad Invisible, Semanario Directa y Claraboia Audiovisual<\/p>\n<p>Spot\/viral del libro \u00ab#RT. Conectadas a la red. Coordinadas en las plazas\u00bb. Un libro que est\u00e1 buscando apoyo econ\u00f3mico mediante el micromecenazgo en el sitio web <a href=\"https:\/\/www.verkami.com\/projects\/427\" target=\"_blank\" rel=\"noopener\">Verkami<\/a>.<\/p>\n<p>Con la edici\u00f3n de este libro se quieren recoger los testimonios visuales y escritos de este movimiento, desde su inicio, el 15 de mayo hasta la manifestaci\u00f3n convocada para el 19 de junio.<\/p>\n<p>A trav\u00e9s de im\u00e1genes y textos que narren las vivencias de personas an\u00f3nimas, de los panfletos que han circulado al calor de estas acampadas y asambleas populares, de algunas voces reconocidas pero no por ello m\u00e1s importantes que el resto, codo con codo con las comisiones de comunicaci\u00f3n de las principales acampadas.[\/vc_column_text][\/vc_column][\/vc_row]<\/p>\n<\/div>","protected":false},"excerpt":{"rendered":"<p>[vc_row full_width=\u00bbstretch_row\u00bb el_class=\u00bb.portfolio-fons-video\u00bb][vc_column][vc_empty_space height=\u00bb200px\u00bb][vc_raw_html]JTNDZGl2JTIwc3R5bGUlM0QlMjdwYWRkaW5nJTNBNTYuMjUlMjUlMjAwJTIwMCUyMDAlM0Jwb3NpdGlvbiUzQXJlbGF0aXZlJTNCJTI3JTNFJTNDaWZyYW1lJTIwc3JjJTNEJTI3aHR0cHMlM0ElMkYlMkZ2aW1lby5jb20lMkZzaG93Y2FzZSUyRjEwNjkxMjE4JTJGZW1iZWQlMjclMjBhbGxvd2Z1bGxzY3JlZW4lMjBmcmFtZWJvcmRlciUzRCUyNzAlMjclMjBzdHlsZSUzRCUyN3Bvc2l0aW9uJTNBYWJzb2x1dGUlM0J0b3AlM0EwJTNCbGVmdCUzQTAlM0J3aWR0aCUzQTEwMCUyNSUzQmhlaWdodCUzQTEwMCUyNSUzQiUyNyUzRSUzQyUyRmlmcmFtZSUzRSUzQyUyRmRpdiUzRQ==[\/vc_raw_html][\/vc_column][\/vc_row][vc_row full_width=\u00bbstretch_row\u00bb css=\u00bb.vc_custom_1549467766972{margin-top: 50px !important;}\u00bb][vc_column][vc_column_text]Proyecto cooperativo de La Ciudad Invisible, Semanario Directa y Claraboia Audiovisual Spot\/viral del libro \u00ab#RT. Conectadas a la red. Coordinadas en las plazas\u00bb. Un libro que est\u00e1 buscando apoyo econ\u00f3mico mediante el micromecenazgo en el sitio web Verkami. Con la edici\u00f3n de este libro se quieren recoger los&hellip;<\/p>\n","protected":false},"author":1,"featured_media":7472,"comment_status":"open","ping_status":"open","template":"","meta":{"_acf_changed":false,"footnotes":""},"clientes":[],"portfolio_category":[193,164,176,174],"portfolio_tag":[],"class_list":["post-7474","portfolio","type-portfolio","status-publish","has-post-thumbnail","hentry","portfolio_category-booktrailer-es","portfolio_category-comunicacion-social","portfolio_category-grafismo","portfolio_category-publicidad"],"acf":[],"_links":{"self":[{"href":"https:\/\/www.claraboia.coop\/es\/wp-json\/wp\/v2\/portfolio\/7474","targetHints":{"allow":["GET"]}}],"collection":[{"href":"https:\/\/www.claraboia.coop\/es\/wp-json\/wp\/v2\/portfolio"}],"about":[{"href":"https:\/\/www.claraboia.coop\/es\/wp-json\/wp\/v2\/types\/portfolio"}],"author":[{"embeddable":true,"href":"https:\/\/www.claraboia.coop\/es\/wp-json\/wp\/v2\/users\/1"}],"replies":[{"embeddable":true,"href":"https:\/\/www.claraboia.coop\/es\/wp-json\/wp\/v2\/comments?post=7474"}],"version-history":[{"count":0,"href":"https:\/\/www.claraboia.coop\/es\/wp-json\/wp\/v2\/portfolio\/7474\/revisions"}],"wp:featuredmedia":[{"embeddable":true,"href":"https:\/\/www.claraboia.coop\/es\/wp-json\/wp\/v2\/media\/7472"}],"wp:attachment":[{"href":"https:\/\/www.claraboia.coop\/es\/wp-json\/wp\/v2\/media?parent=7474"}],"wp:term":[{"taxonomy":"clientes","embeddable":true,"href":"https:\/\/www.claraboia.coop\/es\/wp-json\/wp\/v2\/clientes?post=7474"},{"taxonomy":"portfolio_category","embeddable":true,"href":"https:\/\/www.claraboia.coop\/es\/wp-json\/wp\/v2\/portfolio_category?post=7474"},{"taxonomy":"portfolio_tag","embeddable":true,"href":"https:\/\/www.claraboia.coop\/es\/wp-json\/wp\/v2\/portfolio_tag?post=7474"}],"curies":[{"name":"wp","href":"https:\/\/api.w.org\/{rel}","templated":true}]}}

<div class="wpb-content-wrapper"><p>[vc_row full_width=»stretch_row» el_class=».portfolio-fons-video»][vc_column][vc_empty_space height=»200px»][vc_raw_html]JTNDZGl2JTIwc3R5bGUlM0QlMjdwYWRkaW5nJTNBNTYuMjUlMjUlMjAwJTIwMCUyMDAlM0Jwb3NpdGlvbiUzQXJlbGF0aXZlJTNCJTI3JTNFJTNDaWZyYW1lJTIwc3JjJTNEJTI3aHR0cHMlM0ElMkYlMkZ2aW1lby5jb20lMkZzaG93Y2FzZSUyRjEwNjkxMjE4JTJGZW1iZWQlMjclMjBhbGxvd2Z1bGxzY3JlZW4lMjBmcmFtZWJvcmRlciUzRCUyNzAlMjclMjBzdHlsZSUzRCUyN3Bvc2l0aW9uJTNBYWJzb2x1dGUlM0J0b3AlM0EwJTNCbGVmdCUzQTAlM0J3aWR0aCUzQTEwMCUyNSUzQmhlaWdodCUzQTEwMCUyNSUzQiUyNyUzRSUzQyUyRmlmcmFtZSUzRSUzQyUyRmRpdiUzRQ==[/vc_raw_html][/vc_column][/vc_row][vc_row full_width=»stretch_row» css=».vc_custom_1549467766972{margin-top: 50px !important;}»][vc_column][vc_column_text]Proyecto cooperativo de La Ciudad Invisible, Semanario Directa y Claraboia Audiovisual</p>
<p>Spot/viral del libro «#RT. Conectadas a la red. Coordinadas en las plazas». Un libro que está buscando apoyo económico mediante el micromecenazgo en el sitio web <a href="https://www.verkami.com/projects/427" target="_blank" rel="noopener">Verkami</a>.</p>
<p>Con la edición de este libro se quieren recoger los testimonios visuales y escritos de este movimiento, desde su inicio, el 15 de mayo hasta la manifestación convocada para el 19 de junio.</p>
<p>A través de imágenes y textos que narren las vivencias de personas anónimas, de los panfletos que han circulado al calor de estas acampadas y asambleas populares, de algunas voces reconocidas pero no por ello más importantes que el resto, codo con codo con las comisiones de comunicación de las principales acampadas.[/vc_column_text][/vc_column][/vc_row]</p>
</div>

<p>[vc_row full_width=»stretch_row» el_class=».portfolio-fons-video»][vc_column][vc_empty_space height=»200px»][vc_raw_html]JTNDZGl2JTIwc3R5bGUlM0QlMjdwYWRkaW5nJTNBNTYuMjUlMjUlMjAwJTIwMCUyMDAlM0Jwb3NpdGlvbiUzQXJlbGF0aXZlJTNCJTI3JTNFJTNDaWZyYW1lJTIwc3JjJTNEJTI3aHR0cHMlM0ElMkYlMkZ2aW1lby5jb20lMkZzaG93Y2FzZSUyRjEwNjkxMjE4JTJGZW1iZWQlMjclMjBhbGxvd2Z1bGxzY3JlZW4lMjBmcmFtZWJvcmRlciUzRCUyNzAlMjclMjBzdHlsZSUzRCUyN3Bvc2l0aW9uJTNBYWJzb2x1dGUlM0J0b3AlM0EwJTNCbGVmdCUzQTAlM0J3aWR0aCUzQTEwMCUyNSUzQmhlaWdodCUzQTEwMCUyNSUzQiUyNyUzRSUzQyUyRmlmcmFtZSUzRSUzQyUyRmRpdiUzRQ==[/vc_raw_html][/vc_column][/vc_row][vc_row full_width=»stretch_row» css=».vc_custom_1549467766972{margin-top: 50px !important;}»][vc_column][vc_column_text]Proyecto cooperativo de La Ciudad Invisible, Semanario Directa y Claraboia Audiovisual Spot/viral del libro «#RT. Conectadas a la red. Coordinadas en las plazas». Un libro que está buscando apoyo económico mediante el micromecenazgo en el sitio web Verkami. Con la edición de este libro se quieren recoger los&hellip;</p>
