{"id":8232,"date":"2024-02-20T11:45:28","date_gmt":"2024-02-20T11:45:28","guid":{"rendered":"https:\/\/www.claraboia.coop\/?post_type=portfolio&#038;p=8232"},"modified":"2025-04-08T10:54:34","modified_gmt":"2025-04-08T10:54:34","slug":"som-joventut-2023","status":"publish","type":"portfolio","link":"https:\/\/www.claraboia.coop\/es\/portfolio\/som-joventut-2023\/","title":{"rendered":"Som Joventut 2023 |\u00a0Ag\u00e8ncia Catalana de Joventut"},"content":{"rendered":"<div class=\"wpb-content-wrapper\"><p>[vc_row full_width=\u00bbstretch_row\u00bb el_class=\u00bb.portfolio-fons-video\u00bb][vc_column][vc_empty_space height=\u00bb200px\u00bb][vc_column_text]<\/p>\n<h2 class=\"wpb_heading wpb_video_heading\">Som Joventut 2023 |\u00a0Ag\u00e8ncia Catalana de Joventut<\/h2>\n<p>[\/vc_column_text][vc_raw_html]JTNDZGl2JTIwc3R5bGUlM0QlMjdwYWRkaW5nJTNBNTYuMjUlMjUlMjAwJTIwMCUyMDAlM0Jwb3NpdGlvbiUzQXJlbGF0aXZlJTNCJTI3JTNFJTNDaWZyYW1lJTIwc3JjJTNEJTI3aHR0cHMlM0ElMkYlMkZ3d3cueW91dHViZS5jb20lMkZlbWJlZCUyRnZpZGVvc2VyaWVzJTNGc2klM0RjSlllcFhXenhyandtSl9DJTI2YW1wJTNCbGlzdCUzRFBMUXRDU0tUVkp1S2VacDRVSWd3TFJkc2ZTTWxFUU9BYWolMjclMjBhbGxvd2Z1bGxzY3JlZW4lMjBmcmFtZWJvcmRlciUzRCUyNzAlMjclMjBzdHlsZSUzRCUyN3Bvc2l0aW9uJTNBYWJzb2x1dGUlM0J0b3AlM0EwJTNCbGVmdCUzQTAlM0J3aWR0aCUzQTEwMCUyNSUzQmhlaWdodCUzQTEwMCUyNSUzQiUyNyUzRSUzQyUyRmlmcmFtZSUzRSUzQyUyRmRpdiUzRQ==[\/vc_raw_html][\/vc_column][\/vc_row][vc_row full_width=\u00bbstretch_row\u00bb css=\u00bb.vc_custom_1549467766972{margin-top: 50px !important;}\u00bb][vc_column][vc_column_text]Cliente: AG\u00c8NCIA CATALANA DE LA JOVENTUT<\/p>\n<p>Cobertura audiovisual de \u00abSom Joventut\u00bb, unos encuentros dirigidos a las concejal\u00edas y consejer\u00edas de Juventud que estrenaban mandato. Estos actos, organizados por la Direcci\u00f3 General de Juventut y la Ag\u00e8ncia Catalana de la Juventut ten\u00edan el objetivo de crear un espacio en el que los responsables de las pol\u00edticas de Juventud en el \u00e1mbito local y los referentes de las coordinaciones territoriales de juventud, de cada una de las demarcaciones compartieran conocimiento y establecieran v\u00ednculos.<\/p>\n<p>Hemos realizado un v\u00eddeo por cada encuentro en cada una de las demarcaciones: Barcelona, Girona, Lleida, Tarragona y Terres de l\u2019Ebre, adem\u00e1s de un v\u00eddeo-recap aglutinando las conclusiones del encuentro y la grabaci\u00f3n de la obra teatral \u00abVull ser alg\u00fa\u00bb (Quiero ser alguien) de la Xixa Teatre.<br \/>\n[\/vc_column_text][\/vc_column][\/vc_row]<\/p>\n<\/div>","protected":false},"excerpt":{"rendered":"<p>[vc_row full_width=\u00bbstretch_row\u00bb el_class=\u00bb.portfolio-fons-video\u00bb][vc_column][vc_empty_space height=\u00bb200px\u00bb][vc_column_text] Som Joventut 2023 |\u00a0Ag\u00e8ncia Catalana de Joventut [\/vc_column_text][vc_raw_html]JTNDZGl2JTIwc3R5bGUlM0QlMjdwYWRkaW5nJTNBNTYuMjUlMjUlMjAwJTIwMCUyMDAlM0Jwb3NpdGlvbiUzQXJlbGF0aXZlJTNCJTI3JTNFJTNDaWZyYW1lJTIwc3JjJTNEJTI3aHR0cHMlM0ElMkYlMkZ3d3cueW91dHViZS5jb20lMkZlbWJlZCUyRnZpZGVvc2VyaWVzJTNGc2klM0RjSlllcFhXenhyandtSl9DJTI2YW1wJTNCbGlzdCUzRFBMUXRDU0tUVkp1S2VacDRVSWd3TFJkc2ZTTWxFUU9BYWolMjclMjBhbGxvd2Z1bGxzY3JlZW4lMjBmcmFtZWJvcmRlciUzRCUyNzAlMjclMjBzdHlsZSUzRCUyN3Bvc2l0aW9uJTNBYWJzb2x1dGUlM0J0b3AlM0EwJTNCbGVmdCUzQTAlM0J3aWR0aCUzQTEwMCUyNSUzQmhlaWdodCUzQTEwMCUyNSUzQiUyNyUzRSUzQyUyRmlmcmFtZSUzRSUzQyUyRmRpdiUzRQ==[\/vc_raw_html][\/vc_column][\/vc_row][vc_row full_width=\u00bbstretch_row\u00bb css=\u00bb.vc_custom_1549467766972{margin-top: 50px !important;}\u00bb][vc_column][vc_column_text]Cliente: AG\u00c8NCIA CATALANA DE LA JOVENTUT Cobertura audiovisual de \u00abSom Joventut\u00bb, unos encuentros dirigidos a las concejal\u00edas y consejer\u00edas de Juventud que estrenaban mandato. Estos actos, organizados por la Direcci\u00f3 General de Juventut y la Ag\u00e8ncia Catalana de la Juventut&hellip;<\/p>\n","protected":false},"author":1,"featured_media":8222,"comment_status":"open","ping_status":"closed","template":"","meta":{"_acf_changed":false,"footnotes":""},"clientes":[],"portfolio_category":[206,167,170],"portfolio_tag":[],"class_list":["post-8232","portfolio","type-portfolio","status-publish","has-post-thumbnail","hentry","portfolio_category-aftermovie-es","portfolio_category-entrevistas","portfolio_category-reportajes"],"acf":[],"_links":{"self":[{"href":"https:\/\/www.claraboia.coop\/es\/wp-json\/wp\/v2\/portfolio\/8232","targetHints":{"allow":["GET"]}}],"collection":[{"href":"https:\/\/www.claraboia.coop\/es\/wp-json\/wp\/v2\/portfolio"}],"about":[{"href":"https:\/\/www.claraboia.coop\/es\/wp-json\/wp\/v2\/types\/portfolio"}],"author":[{"embeddable":true,"href":"https:\/\/www.claraboia.coop\/es\/wp-json\/wp\/v2\/users\/1"}],"replies":[{"embeddable":true,"href":"https:\/\/www.claraboia.coop\/es\/wp-json\/wp\/v2\/comments?post=8232"}],"version-history":[{"count":0,"href":"https:\/\/www.claraboia.coop\/es\/wp-json\/wp\/v2\/portfolio\/8232\/revisions"}],"wp:featuredmedia":[{"embeddable":true,"href":"https:\/\/www.claraboia.coop\/es\/wp-json\/wp\/v2\/media\/8222"}],"wp:attachment":[{"href":"https:\/\/www.claraboia.coop\/es\/wp-json\/wp\/v2\/media?parent=8232"}],"wp:term":[{"taxonomy":"clientes","embeddable":true,"href":"https:\/\/www.claraboia.coop\/es\/wp-json\/wp\/v2\/clientes?post=8232"},{"taxonomy":"portfolio_category","embeddable":true,"href":"https:\/\/www.claraboia.coop\/es\/wp-json\/wp\/v2\/portfolio_category?post=8232"},{"taxonomy":"portfolio_tag","embeddable":true,"href":"https:\/\/www.claraboia.coop\/es\/wp-json\/wp\/v2\/portfolio_tag?post=8232"}],"curies":[{"name":"wp","href":"https:\/\/api.w.org\/{rel}","templated":true}]}}

Som Joventut 2023 | Agència Catalana de Joventut

<div class="wpb-content-wrapper"><p>[vc_row full_width=»stretch_row» el_class=».portfolio-fons-video»][vc_column][vc_empty_space height=»200px»][vc_column_text]</p>
<h2 class="wpb_heading wpb_video_heading">Som Joventut 2023 | Agència Catalana de Joventut</h2>
<p>[/vc_column_text][vc_raw_html]JTNDZGl2JTIwc3R5bGUlM0QlMjdwYWRkaW5nJTNBNTYuMjUlMjUlMjAwJTIwMCUyMDAlM0Jwb3NpdGlvbiUzQXJlbGF0aXZlJTNCJTI3JTNFJTNDaWZyYW1lJTIwc3JjJTNEJTI3aHR0cHMlM0ElMkYlMkZ3d3cueW91dHViZS5jb20lMkZlbWJlZCUyRnZpZGVvc2VyaWVzJTNGc2klM0RjSlllcFhXenhyandtSl9DJTI2YW1wJTNCbGlzdCUzRFBMUXRDU0tUVkp1S2VacDRVSWd3TFJkc2ZTTWxFUU9BYWolMjclMjBhbGxvd2Z1bGxzY3JlZW4lMjBmcmFtZWJvcmRlciUzRCUyNzAlMjclMjBzdHlsZSUzRCUyN3Bvc2l0aW9uJTNBYWJzb2x1dGUlM0J0b3AlM0EwJTNCbGVmdCUzQTAlM0J3aWR0aCUzQTEwMCUyNSUzQmhlaWdodCUzQTEwMCUyNSUzQiUyNyUzRSUzQyUyRmlmcmFtZSUzRSUzQyUyRmRpdiUzRQ==[/vc_raw_html][/vc_column][/vc_row][vc_row full_width=»stretch_row» css=».vc_custom_1549467766972{margin-top: 50px !important;}»][vc_column][vc_column_text]Cliente: AGÈNCIA CATALANA DE LA JOVENTUT</p>
<p>Cobertura audiovisual de «Som Joventut», unos encuentros dirigidos a las concejalías y consejerías de Juventud que estrenaban mandato. Estos actos, organizados por la Direcció General de Juventut y la Agència Catalana de la Juventut tenían el objetivo de crear un espacio en el que los responsables de las políticas de Juventud en el ámbito local y los referentes de las coordinaciones territoriales de juventud, de cada una de las demarcaciones compartieran conocimiento y establecieran vínculos.</p>
<p>Hemos realizado un vídeo por cada encuentro en cada una de las demarcaciones: Barcelona, Girona, Lleida, Tarragona y Terres de l’Ebre, además de un vídeo-recap aglutinando las conclusiones del encuentro y la grabación de la obra teatral «Vull ser algú» (Quiero ser alguien) de la Xixa Teatre.<br />
[/vc_column_text][/vc_column][/vc_row]</p>
</div>

<p>[vc_row full_width=»stretch_row» el_class=».portfolio-fons-video»][vc_column][vc_empty_space height=»200px»][vc_column_text] Som Joventut 2023 | Agència Catalana de Joventut [/vc_column_text][vc_raw_html]JTNDZGl2JTIwc3R5bGUlM0QlMjdwYWRkaW5nJTNBNTYuMjUlMjUlMjAwJTIwMCUyMDAlM0Jwb3NpdGlvbiUzQXJlbGF0aXZlJTNCJTI3JTNFJTNDaWZyYW1lJTIwc3JjJTNEJTI3aHR0cHMlM0ElMkYlMkZ3d3cueW91dHViZS5jb20lMkZlbWJlZCUyRnZpZGVvc2VyaWVzJTNGc2klM0RjSlllcFhXenhyandtSl9DJTI2YW1wJTNCbGlzdCUzRFBMUXRDU0tUVkp1S2VacDRVSWd3TFJkc2ZTTWxFUU9BYWolMjclMjBhbGxvd2Z1bGxzY3JlZW4lMjBmcmFtZWJvcmRlciUzRCUyNzAlMjclMjBzdHlsZSUzRCUyN3Bvc2l0aW9uJTNBYWJzb2x1dGUlM0J0b3AlM0EwJTNCbGVmdCUzQTAlM0J3aWR0aCUzQTEwMCUyNSUzQmhlaWdodCUzQTEwMCUyNSUzQiUyNyUzRSUzQyUyRmlmcmFtZSUzRSUzQyUyRmRpdiUzRQ==[/vc_raw_html][/vc_column][/vc_row][vc_row full_width=»stretch_row» css=».vc_custom_1549467766972{margin-top: 50px !important;}»][vc_column][vc_column_text]Cliente: AGÈNCIA CATALANA DE LA JOVENTUT Cobertura audiovisual de «Som Joventut», unos encuentros dirigidos a las concejalías y consejerías de Juventud que estrenaban mandato. Estos actos, organizados por la Direcció General de Juventut y la Agència Catalana de la Juventut&hellip;</p>
