{"id":8853,"date":"2012-06-19T09:29:35","date_gmt":"2012-06-19T09:29:35","guid":{"rendered":"https:\/\/www.claraboia.coop\/portfolio\/forum-social-catala-2012-fscat\/"},"modified":"2024-07-16T11:01:55","modified_gmt":"2024-07-16T11:01:55","slug":"forum-social-catala-2012-fscat","status":"publish","type":"portfolio","link":"https:\/\/www.claraboia.coop\/es\/portfolio\/forum-social-catala-2012-fscat\/","title":{"rendered":"F\u00f2rum Social Catal\u00e0 2012 | FSCat"},"content":{"rendered":"<div class=\"wpb-content-wrapper\"><p>[vc_row full_width=\u00bbstretch_row\u00bb el_class=\u00bb.portfolio-fons-video\u00bb][vc_column][vc_empty_space height=\u00bb200px\u00bb][vc_column_text]<\/p>\n<h2 class=\"wpb_heading wpb_video_heading\">F\u00f2rum Social Catal\u00e0 2012 | FSCat<\/h2>\n<p>[\/vc_column_text][vc_raw_html]JTNDZGl2JTIwc3R5bGUlM0QlMjdwYWRkaW5nJTNBNTYuMjUlMjUlMjAwJTIwMCUyMDAlM0Jwb3NpdGlvbiUzQXJlbGF0aXZlJTNCJTI3JTNFJTNDaWZyYW1lJTIwc3JjJTNEJTI3aHR0cHMlM0ElMkYlMkZ2aW1lby5jb20lMkZzaG93Y2FzZSUyRjExMjc4NzI2JTJGZW1iZWQlMjclMjBhbGxvd2Z1bGxzY3JlZW4lMjBmcmFtZWJvcmRlciUzRCUyNzAlMjclMjBzdHlsZSUzRCUyN3Bvc2l0aW9uJTNBYWJzb2x1dGUlM0J0b3AlM0EwJTNCbGVmdCUzQTAlM0J3aWR0aCUzQTEwMCUyNSUzQmhlaWdodCUzQTEwMCUyNSUzQiUyNyUzRSUzQyUyRmlmcmFtZSUzRSUzQyUyRmRpdiUzRQ==[\/vc_raw_html][\/vc_column][\/vc_row][vc_row full_width=\u00bbstretch_row\u00bb css=\u00bb.vc_custom_1549467766972{margin-top: 50px !important;}\u00bb][vc_column][vc_column_text]Cliente: F\u00d2RUM SOCIAL CATAL\u00c0<\/p>\n<p>El pasado s\u00e1bado, 9 de junio, el F\u00f2rum Social Catal\u00e0 (FSCat) celebr\u00f3 su III edici\u00f3n. Bajo el lema \u00abHagamos posible otro mundo. Todo el mundo es clave\u00bb, se presentaron diferentes propuestas de cambio, todas con un mismo denominador com\u00fan: \u00abS\u00ed hay propuestas de cambio\u00bb.<\/p>\n<p>En el primer clip, conocemos el proceso de constituci\u00f3n, funcionamiento y organizaci\u00f3n del F\u00f3rum de este a\u00f1o.<\/p>\n<p>En el segundo clip se muestra la materializaci\u00f3n del foro en s\u00ed. Descubrimos algunas de las propuestas surgidas de los encuentros previos al evento oficial en plaza Catalunya.<\/p>\n<p>Grabado en HD con Canon 5d con \u00f3pticas Leica 50 y Canon 90-300, editado con FinalCut y con grafismos con After Effects.<\/p>\n<p><a href=\"https:\/\/www.forumsocialcatala.cat\" target=\"_blank\" rel=\"noopener\">www.forumsocialcatala.cat<\/a>[\/vc_column_text][\/vc_column][\/vc_row]<\/p>\n<\/div>","protected":false},"excerpt":{"rendered":"<p>[vc_row full_width=\u00bbstretch_row\u00bb el_class=\u00bb.portfolio-fons-video\u00bb][vc_column][vc_empty_space height=\u00bb200px\u00bb][vc_column_text] F\u00f2rum Social Catal\u00e0 2012 | FSCat [\/vc_column_text][vc_raw_html]JTNDZGl2JTIwc3R5bGUlM0QlMjdwYWRkaW5nJTNBNTYuMjUlMjUlMjAwJTIwMCUyMDAlM0Jwb3NpdGlvbiUzQXJlbGF0aXZlJTNCJTI3JTNFJTNDaWZyYW1lJTIwc3JjJTNEJTI3aHR0cHMlM0ElMkYlMkZ2aW1lby5jb20lMkZzaG93Y2FzZSUyRjExMjc4NzI2JTJGZW1iZWQlMjclMjBhbGxvd2Z1bGxzY3JlZW4lMjBmcmFtZWJvcmRlciUzRCUyNzAlMjclMjBzdHlsZSUzRCUyN3Bvc2l0aW9uJTNBYWJzb2x1dGUlM0J0b3AlM0EwJTNCbGVmdCUzQTAlM0J3aWR0aCUzQTEwMCUyNSUzQmhlaWdodCUzQTEwMCUyNSUzQiUyNyUzRSUzQyUyRmlmcmFtZSUzRSUzQyUyRmRpdiUzRQ==[\/vc_raw_html][\/vc_column][\/vc_row][vc_row full_width=\u00bbstretch_row\u00bb css=\u00bb.vc_custom_1549467766972{margin-top: 50px !important;}\u00bb][vc_column][vc_column_text]Cliente: F\u00d2RUM SOCIAL CATAL\u00c0 El pasado s\u00e1bado, 9 de junio, el F\u00f2rum Social Catal\u00e0 (FSCat) celebr\u00f3 su III edici\u00f3n. Bajo el lema \u00abHagamos posible otro mundo. Todo el mundo es clave\u00bb, se presentaron diferentes propuestas de cambio, todas con un mismo&hellip;<\/p>\n","protected":false},"author":1,"featured_media":8851,"comment_status":"open","ping_status":"closed","template":"","meta":{"_acf_changed":false,"footnotes":""},"clientes":[],"portfolio_category":[205,164,170],"portfolio_tag":[],"class_list":["post-8853","portfolio","type-portfolio","status-publish","has-post-thumbnail","hentry","portfolio_category-aftermovie","portfolio_category-comunicacion-social","portfolio_category-reportajes"],"acf":[],"_links":{"self":[{"href":"https:\/\/www.claraboia.coop\/es\/wp-json\/wp\/v2\/portfolio\/8853","targetHints":{"allow":["GET"]}}],"collection":[{"href":"https:\/\/www.claraboia.coop\/es\/wp-json\/wp\/v2\/portfolio"}],"about":[{"href":"https:\/\/www.claraboia.coop\/es\/wp-json\/wp\/v2\/types\/portfolio"}],"author":[{"embeddable":true,"href":"https:\/\/www.claraboia.coop\/es\/wp-json\/wp\/v2\/users\/1"}],"replies":[{"embeddable":true,"href":"https:\/\/www.claraboia.coop\/es\/wp-json\/wp\/v2\/comments?post=8853"}],"version-history":[{"count":0,"href":"https:\/\/www.claraboia.coop\/es\/wp-json\/wp\/v2\/portfolio\/8853\/revisions"}],"wp:featuredmedia":[{"embeddable":true,"href":"https:\/\/www.claraboia.coop\/es\/wp-json\/wp\/v2\/media\/8851"}],"wp:attachment":[{"href":"https:\/\/www.claraboia.coop\/es\/wp-json\/wp\/v2\/media?parent=8853"}],"wp:term":[{"taxonomy":"clientes","embeddable":true,"href":"https:\/\/www.claraboia.coop\/es\/wp-json\/wp\/v2\/clientes?post=8853"},{"taxonomy":"portfolio_category","embeddable":true,"href":"https:\/\/www.claraboia.coop\/es\/wp-json\/wp\/v2\/portfolio_category?post=8853"},{"taxonomy":"portfolio_tag","embeddable":true,"href":"https:\/\/www.claraboia.coop\/es\/wp-json\/wp\/v2\/portfolio_tag?post=8853"}],"curies":[{"name":"wp","href":"https:\/\/api.w.org\/{rel}","templated":true}]}}

Fòrum Social Català 2012 | FSCat

<div class="wpb-content-wrapper"><p>[vc_row full_width=»stretch_row» el_class=».portfolio-fons-video»][vc_column][vc_empty_space height=»200px»][vc_column_text]</p>
<h2 class="wpb_heading wpb_video_heading">Fòrum Social Català 2012 | FSCat</h2>
<p>[/vc_column_text][vc_raw_html]JTNDZGl2JTIwc3R5bGUlM0QlMjdwYWRkaW5nJTNBNTYuMjUlMjUlMjAwJTIwMCUyMDAlM0Jwb3NpdGlvbiUzQXJlbGF0aXZlJTNCJTI3JTNFJTNDaWZyYW1lJTIwc3JjJTNEJTI3aHR0cHMlM0ElMkYlMkZ2aW1lby5jb20lMkZzaG93Y2FzZSUyRjExMjc4NzI2JTJGZW1iZWQlMjclMjBhbGxvd2Z1bGxzY3JlZW4lMjBmcmFtZWJvcmRlciUzRCUyNzAlMjclMjBzdHlsZSUzRCUyN3Bvc2l0aW9uJTNBYWJzb2x1dGUlM0J0b3AlM0EwJTNCbGVmdCUzQTAlM0J3aWR0aCUzQTEwMCUyNSUzQmhlaWdodCUzQTEwMCUyNSUzQiUyNyUzRSUzQyUyRmlmcmFtZSUzRSUzQyUyRmRpdiUzRQ==[/vc_raw_html][/vc_column][/vc_row][vc_row full_width=»stretch_row» css=».vc_custom_1549467766972{margin-top: 50px !important;}»][vc_column][vc_column_text]Cliente: FÒRUM SOCIAL CATALÀ</p>
<p>El pasado sábado, 9 de junio, el Fòrum Social Català (FSCat) celebró su III edición. Bajo el lema «Hagamos posible otro mundo. Todo el mundo es clave», se presentaron diferentes propuestas de cambio, todas con un mismo denominador común: «Sí hay propuestas de cambio».</p>
<p>En el primer clip, conocemos el proceso de constitución, funcionamiento y organización del Fórum de este año.</p>
<p>En el segundo clip se muestra la materialización del foro en sí. Descubrimos algunas de las propuestas surgidas de los encuentros previos al evento oficial en plaza Catalunya.</p>
<p>Grabado en HD con Canon 5d con ópticas Leica 50 y Canon 90-300, editado con FinalCut y con grafismos con After Effects.</p>
<p><a href="https://www.forumsocialcatala.cat" target="_blank" rel="noopener">www.forumsocialcatala.cat</a>[/vc_column_text][/vc_column][/vc_row]</p>
</div>

<p>[vc_row full_width=»stretch_row» el_class=».portfolio-fons-video»][vc_column][vc_empty_space height=»200px»][vc_column_text] Fòrum Social Català 2012 | FSCat [/vc_column_text][vc_raw_html]JTNDZGl2JTIwc3R5bGUlM0QlMjdwYWRkaW5nJTNBNTYuMjUlMjUlMjAwJTIwMCUyMDAlM0Jwb3NpdGlvbiUzQXJlbGF0aXZlJTNCJTI3JTNFJTNDaWZyYW1lJTIwc3JjJTNEJTI3aHR0cHMlM0ElMkYlMkZ2aW1lby5jb20lMkZzaG93Y2FzZSUyRjExMjc4NzI2JTJGZW1iZWQlMjclMjBhbGxvd2Z1bGxzY3JlZW4lMjBmcmFtZWJvcmRlciUzRCUyNzAlMjclMjBzdHlsZSUzRCUyN3Bvc2l0aW9uJTNBYWJzb2x1dGUlM0J0b3AlM0EwJTNCbGVmdCUzQTAlM0J3aWR0aCUzQTEwMCUyNSUzQmhlaWdodCUzQTEwMCUyNSUzQiUyNyUzRSUzQyUyRmlmcmFtZSUzRSUzQyUyRmRpdiUzRQ==[/vc_raw_html][/vc_column][/vc_row][vc_row full_width=»stretch_row» css=».vc_custom_1549467766972{margin-top: 50px !important;}»][vc_column][vc_column_text]Cliente: FÒRUM SOCIAL CATALÀ El pasado sábado, 9 de junio, el Fòrum Social Català (FSCat) celebró su III edición. Bajo el lema «Hagamos posible otro mundo. Todo el mundo es clave», se presentaron diferentes propuestas de cambio, todas con un mismo&hellip;</p>
